e -l = -i - 2*i. Let m = 70 - i. Calculate the greatest common factor of 344 and m.
43
Let k = -20108 - -20515. What is the greatest common factor of k and 671?
11
Let y(z) = 39*z + 54. Let g(b) = -b**2 + 39*b + 55. Let c(k) = 2*g(k) - 3*y(k). Let q be c(-18). Calculate the greatest common factor of 17 and q.
1
Let x be ((-94)/(-6))/(10/420). Suppose 2*p + x = 5*p + 5*o, 3*p - 5*o = 638. Let r = 225 - 201. Calculate the greatest common factor of p and r.
24
Let s = 8056 - 8033. Let k be 3/(-12) - (-26)/8. Suppose 98 = 2*p - k*z + z, -5*z + 77 = 2*p. Calculate the highest common factor of s and p.
23
Let f(n) = n**2 - 10*n - 21. Let b be f(15). Suppose b = -18*u + 9*u. Let i = u - -31. What is the highest common factor of i and 250?
25
Suppose -436 = -4*u - 3*r + 10, -328 = -3*u + r. What is the highest common factor of u and 65?
5
Suppose -5*t + 4302 = -378. Let x be -10 - 16/(-12)*-138*12/(-96). Calculate the greatest common divisor of t and x.
13
Let f = 15256 - 15128. What is the highest common factor of 1696 and f?
32
Let j(s) = -26*s - 146. Let x be -3 - (-14)/(-35)*10. Let d be j(x). Calculate the greatest common factor of 18 and d.
18
Suppose -c + 44 = -5*f + 311, -9 = -3*c. Calculate the highest common divisor of 2619 and f.
27
Suppose -4*u - 3*w = -27, 4*u - 395 = -5*w - 366. Calculate the highest common factor of u and 573.
3
Suppose 8*t - 170 = -q + 454, -5*t - 5*q + 425 = 0. What is the greatest common factor of t and 352?
11
Suppose -2*r = -25*r + 10672. Suppose -4*b - 8*i + r = -10*i, b = -2*i + 106. What is the highest common factor of b and 152?
38
Let z = -45 - 3. Let c = z - -47. Let k be c/(2/(-6)*3). What is the greatest common divisor of k and 8?
1
Let s = 56 + -14. Suppose b + 2*b - 2*a - s = 0, 4*a = -5*b + 48. Suppose 0 = 2*x - 39 + 3. What is the highest common factor of x and b?
6
Let m(a) = 137*a**2 + 62*a + 168. Let k be m(-6). What is the greatest common divisor of k and 48?
24
Suppose 2*t = 12 - 14. Let c be ((-72)/12)/(t/49). Suppose -5*l = -3*d + c, -3*l - 128 + 30 = -d. Calculate the highest common divisor of d and 14.
14
Suppose 457*n = 546*n - 2670. Suppose 2*h - 4*m - 44 = 0, 0*m = -5*h + 4*m + 80. What is the highest common factor of h and n?
6
Let u(h) = 3*h**2 + 2*h - 10. Let r be u(-10). Let t be r*3*2/9. Let n = -1654 + 1674. What is the greatest common divisor of t and n?
20
Suppose -21 = 3*c - 57. Suppose 22*q = 13*q + 1296. Suppose q*j - 152*j + 240 = 0. Calculate the greatest common divisor of j and c.
6
Suppose 2*j + 3 = -r, -j = -r - 4*r + 40. Let q be 18/4*r/(63/4). Suppose 4*l = -2*z + 90, -l = 3*l - z - 87. Calculate the highest common factor of q and l.
2
Let z(t) = -t**3 + 11*t**2 - 2*t - 164. Let q be z(8). Calculate the highest common factor of 160 and q.
4
Let v(f) = -13*f + 132. Let k be v(10). Suppose 7*h - 20 = k*h, -i - 2*h + 9 = 0. What is the greatest common divisor of i and 10?
1
Let w = 2493 + -2263. What is the greatest common factor of w and 276?
46
Let d = -35373 - -54110. Calculate the greatest common factor of d and 123.
41
Let p(i) = 175*i**2 - 28*i - 121. Let s be p(-5). Calculate the highest common divisor of s and 26.
26
Let x be 4 - (((-446560)/35)/(-8))/(10/(-35)). Calculate the highest common factor of 1482 and x.
114
Let c be (-6)/(-14) + 119/(5831/224). Suppose -16 = 4*r - 2*r. Let u be r*(-8 + -2) - 0. What is the greatest common divisor of u and c?
5
Suppose 4*n + 57 = 3*f + 311, 0 = 4*f + 8. Suppose -508 = -66*q + n*q. Let j = -85 + q. What is the highest common divisor of j and 6?
6
Let x be 281/3*3*1. Let t(b) = 242*b - 97. Let z be t(1). Let h = x - z. Calculate the highest common divisor of 34 and h.
34
Let n(v) = v**3 + 5*v**2 - 18*v + 1. Let w be n(3). Calculate the highest common divisor of w and 3629.
19
Let g be ((-2)/12)/(4/(-24)). Suppose -4*k = 3*b + 3, -3*k - 2 = 2*b - 8*k. Let h be ((-1)/g)/(b/28). Calculate the highest common factor of 7 and h.
7
Suppose 6*m - 736 = -5*k + 4*m, 0 = k + 4*m - 140. Let v = 243 - k. Let z be (6 + -2)/((-10)/(-95)). What is the greatest common divisor of v and z?
19
Let r(g) = 229*g + 486. Let p be r(15). What is the greatest common factor of 3 and p?
3
Suppose 4*x - 17 = -3*n, 4*n - 4 = -52*x + 56*x. Let p(j) = 3*j**2 + 9*j + 5. Let r be p(x). Calculate the highest common factor of r and 1365.
35
Let j be 125/(-2)*4/(-5). Suppose -5*z + 4*w = -694, -3*w + 104 = -5*z + 802. Let i be (0 + 8/(-6))*(-1065)/z. What is the greatest common divisor of j and i?
10
Suppose -3*p = -p - 10*p + 88. Calculate the greatest common factor of p and 6017.
11
Let u be 5*-11*10/(-25). Suppose 71 = 3*l - u. Suppose -393 = 177*a - 5880. Calculate the highest common factor of a and l.
31
Suppose -k + 305 - 296 = 5*o, 4*o - 5 = -3*k. Calculate the greatest common factor of o and 3087.
1
Suppose 48*k - 50*k = -6. Let p = k + 0. Calculate the highest common divisor of p and 10.
1
Let j be (53/2)/((-3)/12). Let d(g) = 24*g + 2. Let s be d(-2). Let x = s - j. Calculate the highest common divisor of x and 30.
30
Suppose -z + 20*n - 19*n = -10675, 4*z - 42691 = -5*n. Calculate the highest common factor of 18 and z.
18
Let s be 33/11 + (-7 - -8)/1. Calculate the highest common factor of 6172 and s.
4
Let t(h) = 2*h**3 + 57*h**2 - 35*h - 159. Let m be t(-29). What is the highest common divisor of m and 245?
5
Let v(g) = -10*g + 12*g + 15*g**2 - 14*g**2 - 2 - 3. Let w be v(-3). Let t be 265/85 - -1 - w/(-17). What is the greatest common factor of t and 32?
4
Let w(j) = -11*j + 121. Let q be w(-2). Calculate the highest common factor of 481 and q.
13
Suppose -10 - 6 = 4*g. Let q = g - -14. Let d(a) = 274*a + 8773. Let o be d(-32). Calculate the greatest common factor of o and q.
5
Let o(j) = 3*j**3 - 2*j**2 + 23*j + 114. Let d be o(0). What is the greatest common factor of d and 4484?
38
Suppose 5*d - 23*u + 21*u = 6396, 2568 = 2*d + 4*u. Calculate the highest common divisor of 400 and d.
80
Suppose -7*i = -7 - 14. Let r be ((-7)/(-14))/(i/(-12)). Let x be 27*(-3 - r)*(-7)/1. What is the greatest common divisor of x and 27?
27
Suppose -59 = -2*z + 5*y + 70, 5*y + 57 = z. Suppose b + 4*i = -0*b + 38, -5*b + 100 = 2*i. Calculate the highest common divisor of b and z.
18
Let n(x) = -39*x**2 + 50 + x**3 - 30*x + 54*x**2 - 43*x**2. Let r be n(29). What is the highest common factor of r and 21?
21
Let l(x) = 3*x**2 - 164*x - 1018. Let j be l(61). What is the highest common factor of 658 and j?
47
Let j(s) = 96*s**2 + 4*s + 2. Let r be j(-2). Let z be (-1)/2*5*108/(-30). Suppose r = 18*y - z*y. Calculate the highest common divisor of y and 28.
14
Suppose 847 - 72 = -5*d. Let x = d - -156. What is the greatest common factor of x and 8?
1
Suppose 0 = -v - 2*q + 101, 0 = -5*v - 2*q + 72 + 425. Let g be ((-28)/6)/(10/(-495)). Calculate the greatest common factor of g and v.
33
Let j be (-8)/((99/(-7056))/11). What is the greatest common factor of j and 384?
128
Let q(c) = c**2 + 313*c - 6019. Let f be q(19). What is the highest common divisor of f and 22831?
289
Let d(k) = k**2 - 31*k - 33. Let y be d(32). Let g(n) = 6*n + 21. Let a be g(y). Calculate the greatest common factor of 1545 and a.
15
Let v be 5*(-3 - -4)*(-1476)/(-90). What is the highest common factor of 13366 and v?
82
Let v(n) = -105*n + 1593. Let d be v(15). Calculate the greatest common divisor of 600 and d.
6
Suppose 712*y = 237*y + 731500. Calculate the greatest common divisor of 1100 and y.
220
Let y = 85 + 1272. Suppose -y = w - 5*w - 3*s, 0 = w + s - 338. Suppose 5*h - 150 - 95 = 0. Calculate the highest common divisor of h and w.
49
Let b be (-10 + 10 + (-33)/(-4))*(-264)/(-9). What is the greatest common divisor of 110 and b?
22
Suppose -97*r = -188*r + 121*r - 477180. What is the highest common factor of r and 3?
3
Suppose 3*k + 5*b = 26, -174*k + 175*k = -8*b + 15. What is the greatest common factor of k and 3850?
7
Let m be 2/(6/9) - 2. Suppose -3*j + f = -15, 3*j - 19 + 4 = -3*f. Suppose -j*a + 20 - 7 = l, -l + 4 = -4*a. What is the greatest common divisor of m and l?
1
Suppose -3*z = 3*b - 70254, -52*b + 2*z - 117084 = -57*b. What is the greatest common divisor of b and 8?
8
Let a be (6/4)/((-10)/620). Let c = 173 + a. Calculate the highest common factor of 100 and c.
20
Let p(d) =